+ 162. Suppose 5*y - 5*z - 570 = 0, -2*z - 261 - 77 = -b*y. Calculate the greatest common factor of y and 10.
10
Let z = 5 - -81. Let f = -48 + z. Calculate the highest common factor of f and 418.
38
Let s = 403 + -387. What is the highest common factor of s and 46?
2
Let b(u) = u**2 - u + 76. Let f be b(0). Let h = 105 + -67. Calculate the highest common factor of h and f.
38
Let k = -2 + 13. Suppose 115 = 2*h - 31. Let v = h - 40. Calculate the highest common divisor of k and v.
11
Suppose -4*j - 40 = -4*p, -2*p + 2*j + 17 = 3*j. Suppose p*n - 21 = 2*n. What is the greatest common divisor of n and 24?
3
Suppose 17*p - 97 = 39. What is the highest common factor of p and 2?
2
Let l = -106 - -114. What is the highest common divisor of l and 676?
4
Let k = 475 + -454. Let o be 3/12 - (-14)/8. Suppose 723 = 5*r - 4*c, o*c = -r + 66 + 87. Calculate the highest common divisor of k and r.
21
Suppose 0 = -2*k - j + 4965, 306 = k + 5*j - 2154. Calculate the greatest common factor of 7 and k.
7
Let i(h) = h**3 + h**2 + h + 5. Let c be i(0). Let d = c - -1. What is the highest common divisor of d and 30?
6
Suppose -g = -2, 0*g = 3*a - g - 7. Suppose -14 = -a*k - 2. What is the greatest common factor of k and 44?
4
Suppose 3*h + 4*n = 140, -n = 4*h - 3*h - 45. Suppose -9*f - 2*f = -1100. Calculate the greatest common factor of h and f.
20
Let k(o) = o**2 + 1. Let z be k(0). Suppose 4*i - z = v - 4, 4*v - 12 = 4*i. What is the highest common factor of v and 1?
1
Let q = -55 + 78. Suppose 0*d + 4*d - 188 = 0. Let w = d - -114. Calculate the greatest common divisor of q and w.
23
Let s(v) be the third derivative of 0*v + 1/6*v**4 + 4*v**2 + 0 + 4/3*v**3. Let y be s(6). What is the greatest common factor of 32 and y?
32
Suppose 4*l - 2*f = 3*f + 40, 0 = 2*l - 3*f - 18. What is the highest common factor of 9 and l?
3
Let k be (0 + -8)*(-30)/20. Let q be 1/((-9)/k)*-6. Suppose 0 = -2*c + 4*c - 40. What is the greatest common factor of q and c?
4
Let n(b) = -b**3 - 4*b**2 - 7*b + 7. Let p be n(-4). What is the highest common divisor of 30 and p?
5
Suppose o = 5*o - 48. Let d be o/(-9) - ((-178)/3 + 0). What is the highest common factor of 29 and d?
29
Suppose -17 = -8*f + 7. Let q be (-1 - f/(-2)) + (-1155)/(-70). Calculate the highest common factor of q and 289.
17
Let r = 180 + -92. Calculate the greatest common divisor of 352 and r.
88
Let r(z) = z**3 - 5*z**2 + 5*z - 12. Let h be r(5). Let g = -2 + h. Suppose 1 = -5*p + g. Calculate the highest common divisor of 3 and p.
1
Let q be (417 + 3)*(-16)/(-40). Calculate the highest common divisor of 4 and q.
4
Let b(s) be the second derivative of s**5/20 - s**4/4 - s**3 - 3*s**2/2 - 8*s. Let q be b(6). Calculate the greatest common divisor of 23 and q.
23
Suppose 3*v = c - 27, 0 = -3*c - 2*v + 132 + 4. Calculate the highest common divisor of 273 and c.
21
Suppose -5*g - 245 = -45. Let w = 45 + g. Calculate the highest common factor of 5 and w.
5
Suppose 449 - 554 = -7*p. What is the greatest common divisor of 705 and p?
15
Suppose 0*w = 2*m + w - 11, -m = -w - 7. Suppose -50 = -2*f - 4*n, n + 2 = f - 8. What is the greatest common factor of m and f?
3
Let k be (-5)/15*11*-3. What is the greatest common factor of 297 and k?
11
Let j = -64 + 112. Let o(i) = i**2 + 2*i - 5. Let g be o(6). Suppose -f = v - 76, 0 = f - 2*v - 21 - g. Calculate the highest common factor of f and j.
24
Let w be 2/4*(91 + 21). Calculate the highest common divisor of 112 and w.
56
Let n(j) = 575*j**2 - 53*j - 52. Let f be n(-1). What is the greatest common divisor of f and 9?
9
Suppose -62*d + 714 = -48*d. What is the highest common divisor of d and 17?
17
Let s be 239/5 - (-1)/5. Let q = -58 + 90. What is the greatest common divisor of q and s?
16
Suppose w - 58 = -2*d, 3*d - 30 = 4*w + 57. Calculate the greatest common factor of 261 and d.
29
Let a(g) = 30*g**2 - 11*g - 51. Let h be a(-4). What is the highest common factor of 43 and h?
43
Let q(x) = 2*x + 37. Let n be q(-16). Suppose 3*v + 0*b - n*b - 35 = 0, -v + 2*b + 13 = 0. Let w = -39 - -79. Calculate the greatest common divisor of w and v.
5
Suppose 8*b - 4*b = -428. Let l = b + 135. What is the highest common divisor of 4 and l?
4
Let l(y) = -15*y + 186. Let n be l(10). Calculate the greatest common divisor of 63 and n.
9
Let p be (-1 - 0/(-5))*0. Suppose 0 = -10*n - p*n + 290. Calculate the highest common divisor of 29 and n.
29
Let s be (16/(1*-2))/(-1). Let n be 2/(-6)*(-4 - (-4 + 0)). Suppose n = -25*g + 30*g - 10. What is the highest common factor of g and s?
2
Suppose 2*a = -s + 17, -s + 2*a - 7*a = -32. Suppose 0*x - 7*x = -7. Let n(f) = 24*f + 4. Let g be n(x). What is the highest common factor of g and s?
7
Let q = -7296 + 11472. What is the highest common divisor of 36 and q?
36
Let w(t) = -3*t**3 + t**2 + t + 41. Let z be w(0). Suppose 4259 - 1491 = 4*v. Suppose -v - 1563 = -5*s. What is the highest common divisor of z and s?
41
Suppose 2*h - 36 = -4*p, -5*h - 2*p = -157 + 43. Calculate the highest common divisor of 156 and h.
12
Let x = 342 - 336. Calculate the highest common factor of 486 and x.
6
Suppose -11*c = -400 - 359. What is the greatest common factor of 299 and c?
23
Let h(s) = -9*s - 58. Let b be h(-9). Suppose -11*d - 48 = -b*d. What is the greatest common divisor of d and 92?
4
Let p = 56 + -47. Let l(w) = -w**3 + 8*w**2 + 20*w - 11. Let r be l(p). What is the greatest common divisor of 8 and r?
8
Let j = 448 + -416. What is the highest common factor of j and 496?
16
Suppose -36 = 4*g - 0*g. Let z(u) = u**2 + 9*u + 8. Let f be z(g). Let t = 104 - 64. Calculate the highest common divisor of f and t.
8
Suppose -13*a + 278 + 138 = 0. What is the greatest common divisor of a and 56?
8
Let g be -3*(-49)/(-21) + 159. What is the greatest common factor of g and 57?
19
Let n(z) = -z**3 + 5*z**2 + z - 3. Let b be n(5). Let p be 3/(-5)*(-315)/9. Suppose 0 = -p*w + 26*w - 110. Calculate the highest common divisor of w and b.
2
Suppose -2*g + 3*v = -37, 5*v - 19 = -8*g + 4*g. What is the greatest common factor of g and 253?
11
Suppose 2*b + j = 4*j + 51, 2*j + 155 = 5*b. Suppose -36*a + b*a + 378 = 0. What is the highest common factor of a and 14?
14
Let x be 32/(-3)*(-7)/((-28)/(-18)). Let u = x + -2. What is the highest common divisor of 69 and u?
23
Let l = 5431 + -3060. Suppose l - 127 = 12*j. Calculate the highest common divisor of 17 and j.
17
Let j be 61410/195 + 4/52. What is the highest common divisor of j and 45?
45
Let c be 48/(-10) + (-10)/50. Let d be (88/c)/(12/(-30)). Let l = 149 - d. Calculate the highest common divisor of 21 and l.
21
Let w = 4 + -14. Let c = w - -6. Let f be (-1 - -9)/((-2)/c). What is the highest common divisor of 48 and f?
16
Let g be -12*(-6)/8 - -431. Calculate the highest common factor of g and 88.
88
Let r = -27 + 30. Let o(q) be the first derivative of q**4/4 + 5*q**3/3 + q - 4. Let i be o(-5). What is the highest common factor of i and r?
1
Let m = -662 - -715. What is the highest common factor of m and 2?
1
Let n(l) = -l**2 + 5*l - 2. Let s be n(3). Suppose 5 = -q + 4. Let b = s - q. What is the highest common factor of b and 10?
5
Suppose 3*q - 98 = 2*l, -4*q + 0*l - l + 149 = 0. Suppose 0*j + j + 22 = 3*b, -5*b + 2*j = -q. Calculate the highest common factor of b and 1.
1
Suppose 312 = 5*k - 378. Let w be (-6)/(-2) + -6 + k. Let i be (2*15)/(-6 - -8). Calculate the highest common divisor of i and w.
15
Let w = -53 - -85. Calculate the highest common divisor of w and 80.
16
Let z = -84 + 238. Suppose -j + 26 = 4*m, -4*j + 47 = -6*m + 3*m. What is the highest common divisor of j and z?
14
Suppose -86*y + 88*y + 3*u - 276 = 0, 0 = -2*y + 3*u + 276. Calculate the greatest common divisor of 6 and y.
6
Suppose 14*z = -3*z + 31212. What is the highest common divisor of z and 17?
17
Let v be 0 + 4 - (-77)/(-28)*-4. What is the highest common divisor of v and 75?
15
Let b(k) = -k + 12. Let w be b(9). Let u = -29 + 31. Suppose -35 = -u*v - w. What is the greatest common factor of 8 and v?
8
Suppose -5*j + 788 = 4*r, 11*j - 9*j - 4*r = 304. What is the greatest common divisor of 216 and j?
12
Let b be (-3)/((-60)/(-32)*(-4)/10). Let p be b - -2*(2/4 + 0). Calculate the greatest common divisor of 65 and p.
5
Let g(q) be the secon